me factors of m?
5, 19
Let s(f) = 3*f - 13. Let n be s(6). Suppose 0 = -q - 4*g + 16, 0 = n*g - 15. List the prime factors of q.
2
Let q = 50 - 29. What are the prime factors of q?
3, 7
Let d be ((-10)/(-4))/(30/24). Suppose d*g = 5*x + 6*g - 173, 2*x = 4*g + 58. List the prime factors of x.
3, 11
Let c(n) = 10*n**2 + 1. List the prime factors of c(-1).
11
Let l be (-13)/(-5) - 4/(-10). Suppose 5*j + 7 = 5*g - l, 0 = 4*g - 20. Suppose -4 = 2*u, j*p + u + 4*u - 2 = 0. List the prime factors of p.
2
Suppose 4*r = 3*g - 172, 0 = 4*r + 4 - 0. What are the prime factors of g?
2, 7
Suppose 2*k - 6 = v, -5*k = -25 + 5. Suppose -v*d - g + 3*g = -84, -5*d = 4*g - 228. List the prime factors of (1/2)/(2/d).
11
Let s = 34 - 2. List the prime factors of s.
2
What are the prime factors of 362 + 0 + -7 + 1 + 7?
3, 11
Suppose -180 = -8*y + 2*y. What are the prime factors of y?
2, 3, 5
Suppose q = -2*j - 2*j + 97, 0 = 2*j - 2*q - 36. What are the prime factors of j?
23
What are the prime factors of -3 + (-52)/(-1) - 2?
47
Suppose 4*c - 677 = 5*d, -d - 2*d + 837 = 5*c. What are the prime factors of c?
2, 3, 7
List the prime factors of (-1)/((-3)/741*3/3).
13, 19
Suppose 1144 = 5*r - 4*j, 3*j + 688 = 3*r - j. List the prime factors of r.
2, 3, 19
Suppose 2*z + 27 = 161. List the prime factors of z.
67
Let u(t) = t**2 - 5*t + 7. Let y be u(5). Let b be 16/6 + (-2)/3. What are the prime factors of 74/14 - b/y?
5
Let z be (-3)/(-2) + (-4)/(-8). Suppose f = 2*r - 10, 5*r - 1 = 2*r - 2*f. Suppose -i + 0 = x - z, -r*x + i = -6. What are the prime factors of x?
2
Let l(v) = -v**3 - 7*v**2 - 9*v - 16. Suppose -3*z = -8*z - 20, -2*u - 26 = 3*z. List the prime factors of l(u).
47
Let c = 31 - 18. What are the prime factors of c?
13
Let o be (-21)/(-2) + 5/10*1. Let t be -4*(66/8)/(-1). Suppose -4*m + t + o = 0. List the prime factors of m.
11
Let k(z) = 12*z**2 - 4*z - 2. List the prime factors of k(2).
2, 19
Let z(b) = b**2 - 8*b + 12. List the prime factors of z(9).
3, 7
Let r(c) = -2*c. Let y be r(1). List the prime factors of 4/(24/10 + y).
2, 5
Let a = -4 + 11. Let r(n) = 2*n - 6. List the prime factors of r(a).
2
Let y(d) = d**2 - d - 4. What are the prime factors of y(-2)?
2
Let n = -31 - -60. What are the prime factors of n?
29
Let a(c) be the first derivative of -5*c**2 + 7*c + 1. Let k(d) = 9*d - 6. Let i(x) = -4*a(x) - 5*k(x). List the prime factors of i(-2).
2, 3
Let a = 15 + 3. Let v = 29 - a. What are the prime factors of v?
11
Suppose -18 = -2*d - 2. Suppose -z = -21 + d. List the prime factors of z.
13
Let p be ((-1)/(-2))/(1/18). Let b be (2 + -1)/((-2)/10). Let z = b + p. What are the prime factors of z?
2
List the prime factors of 3*10 - (31 + -32).
31
Let d = 8 + -5. Suppose -a = -2*w, -a + 4*w - 3 = -1. Suppose g = c - 10, a*g + 50 = c + d*c. List the prime factors of c.
3, 5
Let z(p) = 3 - 1 + 3*p**2 - 3*p**2 + 2*p**2 + p**3. List the prime factors of z(-2).
2
Let a(d) = d - 12. Let x be a(-10). Let k = -11 - x. List the prime factors of k.
11
Let u be (-6)/(-4)*32/(-12). Let z = u + 25. List the prime factors of z.
3, 7
Let v(q) = 41*q**3 - 6*q + 4. List the prime factors of v(2).
2, 5
Suppose 0 = w - 6*w. Suppose w = -4*j + 64 + 64. List the prime factors of j.
2
Suppose -5*l - l + 468 = 0. What are the prime factors of l?
2, 3, 13
What are the prime factors of (((-28)/(-8))/7)/((-4)/(-1032))?
3, 43
Suppose -43 = -4*q + 1. List the prime factors of 6/33 - (-218)/q.
2, 5
Let w be (5 + 0)*(-315)/(-75). Suppose -2*s - 10 = 2*o, -o + 5*o = 3*s - 41. Let d = o + w. What are the prime factors of d?
13
Let y(i) = 14*i**2 - 3*i**2 + 8*i - 10*i**3 + 11*i**3 + 2*i + 2. Suppose 0 = 5*b + 38 + 12. What are the prime factors of y(b)?
2
Suppose -t - 3*s - 9 = 0, -4*s + 1 = 3*t + 3. List the prime factors of t.
2, 3
Suppose -3*j = -3*q + j + 27, -3*j = 4*q - 11. Let r(s) = 2*s**2 + 3*s**2 - s**2 - 1 + s**3 - q*s. What are the prime factors of r(-4)?
19
Let q = -32 + 95. List the prime factors of q.
3, 7
Suppose 0 = -5*n + 4*i + 44, -19 + 99 = 5*n + 5*i. What are the prime factors of (2/1 + 0)*n?
2, 3
Let f(h) = 0*h**2 - 2 + 3*h + h**2 - 2*h. Let i = 0 - -3. List the prime factors of f(i).
2, 5
Suppose 2*b - 117 = -b. Suppose -s + 5 = -b. Suppose -4*y + s = -12. List the prime factors of y.
2, 7
Suppose -5 - 19 = 4*b. List the prime factors of 20 + 1/(2/b).
17
Suppose m = -l - 4*l + 53, 3*m - 2*l = 176. What are the prime factors of m?
2, 29
Suppose 8*z + 45 = 5*z. Let n = z - -48. List the prime factors of n.
3, 11
Let d(u) = u**2 - 4*u + 3. Let f be d(4). Suppose f*b - b = -4. List the prime factors of 0*b/(-4) - -21.
3, 7
Suppose -5*h = 5*c - 28 + 8, -17 = -4*c - 5*h. Suppose 2*n - 4*d - 36 = n, 3*d + 63 = c*n. List the prime factors of n.
2
What are the prime factors of ((-3)/(-2))/((-2)/(-388))?
3, 97
Let q = -43 - -254. List the prime factors of q.
211
Let p = -66 + 80. List the prime factors of p.
2, 7
Let u = 4 + -2. Suppose -u*o + 0*o = 0. Suppose 0 = -2*g - o + 4. What are the prime factors of g?
2
Suppose -4*z - 16 = 0, 7 = -3*v + 2*z - 18. Let t = v + 15. What are the prime factors of t?
2
Let y(j) = -119*j**3 + 2*j**2 + j. Let s be y(-1). Let h = s + 14. Suppose -29 = 5*c - h. List the prime factors of c.
3, 7
Suppose 0 = 4*p - s - 907, 0*s - 452 = -2*p + 2*s. Let w = -120 + p. Suppose -4*f - 15 = 3*n - w, 2*n - 68 = -3*f. What are the prime factors of f?
2, 5
Let x = -15 - -30. Suppose 0 = -2*i - 1 + x. What are the prime factors of i?
7
What are the prime factors of (-4 - 0)/2 + 62?
2, 3, 5
Let z(t) = -t**2 + t + 2. Let g be (0/(-3))/(2 - 0). What are the prime factors of z(g)?
2
Let d(a) = -a - 4. Let y(f) = f - 1. Let h(l) = d(l) + 2*y(l). Let b be h(6). Suppose 0 = c - s - b - 8, s = -4*c + 47. List the prime factors of c.
11
Suppose 510 = -2*f + 12*f. What are the prime factors of f?
3, 17
Let u = -1 + 2. Suppose l - 3*d - 12 = 0, -2*d - 11 = -3*l + 2*l. Suppose -u - l = -y. List the prime factors of y.
2, 5
Suppose 3*f + 11 = -2*j + j, 0 = -2*f - j - 7. Let c(t) = -t**3 + 7*t**2 - 4*t - 2. Let z be c(6). Let k = z + f. List the prime factors of k.
2, 3
Let a(x) = -x**2 - 6*x - 5. Let s(h) = 3*h**2 + 18*h + 16. Let t(d) = 7*a(d) + 2*s(d). Let j be t(-4). Let p = j + 5. What are the prime factors of p?
2, 5
Let t(q) = -2*q**3 - q**2 + q - 1. Let w be t(1). Let j = w - -10. List the prime factors of j.
7
Let k = 33 - 21. What are the prime factors of k?
2, 3
Suppose 5*x = 4*l - 317, 2*x - 155 = -2*l + x. What are the prime factors of l?
2, 3, 13
Let s(f) = -8*f - 6. Let y be (4/(-4))/(2/10). Let d be s(y). Suppose -a + 4*z + 33 = 0, 5*a - d - 55 = z. What are the prime factors of a?
17
What are the prime factors of 86/3*18/12?
43
Suppose 5*i - 4 = -2*t, 3*i + 3*t - 3 = 2*t. Suppose 2*s - i = 6. List the prime factors of s.
2
Let o be (-4)/(12/(-9)) + -2. What are the prime factors of 0/5 + o + 17?
2, 3
Suppose 0*g - 2*g + 8 = 0. What are the prime factors of (0 + -2)/(g/(-26))?
13
Let d = 10 + -7. Suppose -2*i + 0 = m - d, -3*i - 2*m = -2. List the prime factors of i.
2
Let g = 90 + -39. What are the prime factors of g?
3, 17
Let v(s) be the second derivative of s**5/20 + s**3/6 + 18*s**2 + 2*s. What are the prime factors of v(0)?
2, 3
Suppose -4*s + 0*s = -12, 3*s = -3*q + 27. Suppose q*u - 70 = u. What are the prime factors of u?
2, 7
Suppose 4*z - 27 = 3*x, z - 12 = 2*z + 3*x. Suppose -5 - 16 = -z*k. Let c = k - 4. List the prime factors of c.
3
Let v(q) = -q**2 - 19*q + 7. List the prime factors of v(-9).
97
Let t(q) = -q**3 - 3*q**2 + 2*q - 37. Let r(i) = i**3 + 4*i**2 - 3*i + 38. Let h(s) = -3*r(s) - 4*t(s). List the prime factors of h(0).
2, 17
Let r(q) = 2*q**2 + q - 1. Let s be r(1). Let o(z) = 10*z + 2. Let n be o(s). Let u = n + -10. List the prime factors of u.
2, 3
Let w(r) = -7*r - 6*r - r. Let c be w(-1). Let l = c + -9. What are the prime factors of l?
5
Let d be 2 - (-1 - -2 - -1). Let n be 26 - (-1 + -1 + d). Let m = n - 16. List the prime factors of m.
2, 3
Suppose 2*n = 3*r - 23, 3*r - 27 = n - 8. Let t(u) = -3*u - 1. Let x be t(1). What are the prime factors of n/(-2) + (x - -6)?
2
Let g(j) = -j**3 + 4*j**2 - 2*j - 1. Let m be g(3). Suppose 0 = -m*d - 22 - 48. Let c = -25 - d. What are the prime factors of c?
2, 5
Let c(